{"id":170,"date":"2012-08-02T09:31:20","date_gmt":"2012-08-02T06:31:20","guid":{"rendered":"http:\/\/kaariainen.fi\/?page_id=170"},"modified":"2012-10-03T18:08:43","modified_gmt":"2012-10-03T15:08:43","slug":"riistaruokia","status":"publish","type":"page","link":"https:\/\/xn--kriinen-5waac.fi\/?page_id=170","title":{"rendered":"Riistaruokia"},"content":{"rendered":"<p>Riista on verraten aliarvostettu ruoka. Siit\u00e4 puhutaan ylev\u00e4sti, sit\u00e4 mets\u00e4stettiin innolla viel\u00e4 1970-luvullakin, mutta k\u00e4site on j\u00e4\u00e4nyt voimakkaasti HIRVEN jalkoihin.<\/p>\n<p>Mets\u00e4lintujen saalism\u00e4\u00e4r\u00e4t ovat v\u00e4h\u00e4isi\u00e4 ja vesilintujakin k\u00e4ytet\u00e4\u00e4n lopulta yleisesti ottaen varsin niukasti. Monet riistael\u00e4imet ja -linnut ovat j\u00e4\u00e4neet kokonaan unholaan. Esimerkiksi lehtokurppa, yksi maailman arvostetuimpia riistalintuja on meill\u00e4 l\u00e4hes t\u00e4ysin n\u00e4kym\u00e4tt\u00f6miss\u00e4.<\/p>\n","protected":false},"excerpt":{"rendered":"<p>Riista on verraten aliarvostettu ruoka. Siit\u00e4 puhutaan ylev\u00e4sti, sit\u00e4 mets\u00e4stettiin innolla viel\u00e4 1970-luvullakin, mutta k\u00e4site on j\u00e4\u00e4nyt voimakkaasti HIRVEN jalkoihin. Mets\u00e4lintujen saalism\u00e4\u00e4r\u00e4t ovat v\u00e4h\u00e4isi\u00e4 ja vesilintujakin k\u00e4ytet\u00e4\u00e4n lopulta yleisesti ottaen varsin niukasti. Monet riistael\u00e4imet ja -linnut ovat j\u00e4\u00e4neet kokonaan unholaan. Esimerkiksi lehtokurppa, yksi maailman arvostetuimpia riistalintuja on meill\u00e4 l\u00e4hes t\u00e4ysin n\u00e4kym\u00e4tt\u00f6miss\u00e4.<\/p>\n","protected":false},"author":1,"featured_media":0,"parent":154,"menu_order":3,"comment_status":"open","ping_status":"open","template":"","meta":{"footnotes":""},"_links":{"self":[{"href":"https:\/\/xn--kriinen-5waac.fi\/index.php?rest_route=\/wp\/v2\/pages\/170"}],"collection":[{"href":"https:\/\/xn--kriinen-5waac.fi\/index.php?rest_route=\/wp\/v2\/pages"}],"about":[{"href":"https:\/\/xn--kriinen-5waac.fi\/index.php?rest_route=\/wp\/v2\/types\/page"}],"author":[{"embeddable":true,"href":"https:\/\/xn--kriinen-5waac.fi\/index.php?rest_route=\/wp\/v2\/users\/1"}],"replies":[{"embeddable":true,"href":"https:\/\/xn--kriinen-5waac.fi\/index.php?rest_route=%2Fwp%2Fv2%2Fcomments&post=170"}],"version-history":[{"count":10,"href":"https:\/\/xn--kriinen-5waac.fi\/index.php?rest_route=\/wp\/v2\/pages\/170\/revisions"}],"predecessor-version":[{"id":181,"href":"https:\/\/xn--kriinen-5waac.fi\/index.php?rest_route=\/wp\/v2\/pages\/170\/revisions\/181"}],"up":[{"embeddable":true,"href":"https:\/\/xn--kriinen-5waac.fi\/index.php?rest_route=\/wp\/v2\/pages\/154"}],"wp:attachment":[{"href":"https:\/\/xn--kriinen-5waac.fi\/index.php?rest_route=%2Fwp%2Fv2%2Fmedia&parent=170"}],"curies":[{"name":"wp","href":"https:\/\/api.w.org\/{rel}","templated":true}]}}