{"id":380,"date":"2012-11-07T18:46:09","date_gmt":"2012-11-07T16:46:09","guid":{"rendered":"http:\/\/kaariainen.fi\/?page_id=380"},"modified":"2013-04-11T14:08:27","modified_gmt":"2013-04-11T11:08:27","slug":"kalaruokia","status":"publish","type":"page","link":"https:\/\/xn--kriinen-5waac.fi\/?page_id=380","title":{"rendered":"KALARUOKIA"},"content":{"rendered":"<p>Suomalainen kala on ainutlaatuinen aarre ruokamaailmassa.<\/p>\n<p>S\u00e4rki kelpaa herkutteluun jo tunnin marinoinnin j\u00e4lkeen. Made kylm\u00e4savustettuna, hauki kalapullissa, ahven kalakukossa, siika suolassa, lahna savustettuna ja kiiski liemikalana.<\/p>\n<p>Suomalaiset kalaruokareseptit ovat k\u00e4yt\u00e4nn\u00f6llisi\u00e4, terveellisi\u00e4 ja tuovat maukasta vaihtelua yht\u00e4 hyvin arkisiin ruokiin kuin juhlaherkkuihin.<\/p>\n<p>Herkullisia hetki\u00e4 K\u00e4\u00e4ri\u00e4isten reseptien parissa.<\/p>\n","protected":false},"excerpt":{"rendered":"<p>Suomalainen kala on ainutlaatuinen aarre ruokamaailmassa. S\u00e4rki kelpaa herkutteluun jo tunnin marinoinnin j\u00e4lkeen. Made kylm\u00e4savustettuna, hauki kalapullissa, ahven kalakukossa, siika suolassa, lahna savustettuna ja kiiski liemikalana. Suomalaiset kalaruokareseptit ovat k\u00e4yt\u00e4nn\u00f6llisi\u00e4, terveellisi\u00e4 ja tuovat maukasta vaihtelua yht\u00e4 hyvin arkisiin ruokiin kuin juhlaherkkuihin. Herkullisia hetki\u00e4 K\u00e4\u00e4ri\u00e4isten reseptien parissa.<\/p>\n","protected":false},"author":3,"featured_media":0,"parent":154,"menu_order":0,"comment_status":"open","ping_status":"open","template":"","meta":{"footnotes":""},"_links":{"self":[{"href":"https:\/\/xn--kriinen-5waac.fi\/index.php?rest_route=\/wp\/v2\/pages\/380"}],"collection":[{"href":"https:\/\/xn--kriinen-5waac.fi\/index.php?rest_route=\/wp\/v2\/pages"}],"about":[{"href":"https:\/\/xn--kriinen-5waac.fi\/index.php?rest_route=\/wp\/v2\/types\/page"}],"author":[{"embeddable":true,"href":"https:\/\/xn--kriinen-5waac.fi\/index.php?rest_route=\/wp\/v2\/users\/3"}],"replies":[{"embeddable":true,"href":"https:\/\/xn--kriinen-5waac.fi\/index.php?rest_route=%2Fwp%2Fv2%2Fcomments&post=380"}],"version-history":[{"count":6,"href":"https:\/\/xn--kriinen-5waac.fi\/index.php?rest_route=\/wp\/v2\/pages\/380\/revisions"}],"predecessor-version":[{"id":382,"href":"https:\/\/xn--kriinen-5waac.fi\/index.php?rest_route=\/wp\/v2\/pages\/380\/revisions\/382"}],"up":[{"embeddable":true,"href":"https:\/\/xn--kriinen-5waac.fi\/index.php?rest_route=\/wp\/v2\/pages\/154"}],"wp:attachment":[{"href":"https:\/\/xn--kriinen-5waac.fi\/index.php?rest_route=%2Fwp%2Fv2%2Fmedia&parent=380"}],"curies":[{"name":"wp","href":"https:\/\/api.w.org\/{rel}","templated":true}]}}